0181 - 255?
-10436
In base 3, what is -11012210001001200 - -10?
-11012210001001120
In base 16, what is 11cd5d - -89?
11cde6
In base 6, what is -3 + -53221052?
-53221055
In base 6, what is 2552102555 - 1?
2552102554
In base 7, what is 5 + 344544344?
344544352
In base 13, what is 1c2 - -121391?
121583
In base 6, what is -205 + 13323401?
13323152
In base 13, what is -b6c06 - -1539?
-b569a
In base 15, what is 1a643 - 4?
1a63e
In base 4, what is -233 + -12300232023?
-12300232322
In base 10, what is 2411 + 455703?
458114
In base 5, what is 111122 - -303032?
414204
In base 15, what is -2395 - 1404?
-3799
In base 11, what is -148010 + 42?
-147a79
In base 14, what is -155 - -6ad01?
6ab8a
In base 14, what is 1d425 + -1455?
1bdb0
In base 3, what is -20102212 + -220?
-20110202
In base 5, what is 134003 + -314321?
-130313
In base 7, what is -111200 - 5?
-111205
In base 4, what is -101121 + -10222202?
-10323323
In base 3, what is 120220020101222 + -1022?
120220020100200
In base 13, what is -3 + -1225055?
-1225058
In base 15, what is 2ac + -6ba1e?
-6b762
In base 11, what is 58661a6 - -1?
58661a7
In base 6, what is 5 + -5102520112?
-5102520103
In base 6, what is -114044 - 22?
-114110
In base 5, what is -340132 + 4120?
-331012
In base 11, what is 9742 - 890?
8962
In base 2, what is -11011001011110 - -100100010100000?
1001001000010
In base 10, what is 42686 - 60?
42626
In base 6, what is 2 + -154035025?
-154035023
In base 8, what is 16103 - -1454?
17557
In base 2, what is 10001100011100111011 - 1111?
10001100011100101100
In base 6, what is 25041145 - -10?
25041155
In base 3, what is 10 + 12020111201020000?
12020111201020010
In base 10, what is -69958 + 261?
-69697
In base 7, what is -32051005 + -21?
-32051026
In base 15, what is 3b46a + -5a9?
3adb1
In base 3, what is 1102102101012 + 222120?
1102110100202
In base 4, what is 211012113 + 222?
211013001
In base 10, what is -308673 - -11?
-308662
In base 14, what is -10 - 344515?
-344525
In base 13, what is -999a46 + -23?
-999a69
In base 14, what is -cd - -148c6?
147d7
In base 2, what is 1001000010101011 + -110110100100?
1000001100000111
In base 9, what is 34107463 - -4?
34107467
In base 6, what is 204 + -2123330?
-2123122
In base 2, what is -110011011110011110 - 1101101?
-110011100000001011
In base 3, what is 0 + 12112022200021?
12112022200021
In base 15, what is -96a34d + 3?
-96a34a
In base 16, what is 345c - 1f88?
14d4
In base 3, what is -20 - 1120002102?
-1120002122
In base 12, what is -189a6a + -70b?
-18a579
In base 5, what is -12101 + -324223?
-341324
In base 6, what is -430 + 134412524?
134412054
In base 9, what is 1 + -7642418?
-7642417
In base 2, what is -10 + 110110110001010110100101001?
110110110001010110100100111
In base 3, what is 10201020 - 1010001221?
-222100201
In base 12, what is -4 + -4409666?
-440966a
In base 6, what is 400441 + 123412?
524253
In base 14, what is -2ab + 49d3?
4726
In base 16, what is -9 - -69071c?
690713
In base 8, what is -414261 + 406?
-413653
In base 2, what is -1101010110010101010 - -100010?
-1101010110010001000
In base 14, what is -525c - cb?
-5349
In base 10, what is -73813 + -112?
-73925
In base 9, what is 12 - 54684410?
-54684387
In base 15, what is 16 - 3cd?
-3b7
In base 10, what is -4796 - -549?
-4247
In base 6, what is -141540 - -520?
-141020
In base 5, what is 3 - -142302240?
142302243
In base 16, what is 54d - ed0e2?
-ecb95
In base 4, what is 3231 + 310220121?
310230012
In base 13, what is 5 + 18474cc?
1847504
In base 5, what is -410402 - -23412?
-331440
In base 3, what is 12110 + -2001121110000?
-2001121020120
In base 5, what is -103434311 + 101?
-103434210
In base 4, what is 1123112321030 - -2?
1123112321032
In base 10, what is 17994 - -219?
18213
In base 8, what is -2455104 - 447?
-2455553
In base 12, what is 8a3a + a41?
987b
In base 9, what is 387205642 - -5?
387205647
In base 9, what is -4 + 458372?
458367
In base 7, what is 41000 + 33000?
104000
In base 9, what is -2 + 32315610?
32315607
In base 13, what is 47 + -7c568?
-7c521
In base 10, what is -13 + 3165562?
3165549
In base 15, what is 101a50 - 49?
101a06
In base 15, what is -3 - 3712d9?
-3712dc
In base 10, what is -2805269 - 5?
-2805274
In base 6, what is 3 + -125350134?
-125350131
In base 6, what is -314401350 - -21?
-314401325
In base 16, what is 637437 + 3?
63743a
In base 5, what is -2034240143 - -10?
-2034240133
In base 14, what is 485823 + 12?
485835
In base 9, what is -1 - 45453621?
-45453622
In base 14, what is -311a3b - 8?
-311a45
In base 14, what is 30d1 + -cba3?
-9ab2
In base 4, what is 3 - -10330002?
10330011
In base 5, what is 40320010 - -13?
40320023
In base 8, what is 570526 - -666?
571414
In base 3, what is -12 + -1021011012121111?
-1021011012121200
In base 12, what is 166 + -591980?
-591816
In base 6, what is 4114521020 + -5?
4114521011
In base 4, what is 2 - 2111133113313?
-2111133113311
In base 7, what is 11064465 + -5?
11064460
In base 12, what is -4249 + 20a5?
-2164
In base 15, what is -970 - 58cd?
-634d
In base 15, what is -2 + -14d0d4b?
-14d0d4d
In base 14, what is 81571 + -3?
8156c
In base 15, what is 5bd0a0 - 3?
5bd09c
In base 8, what is 1 + 11404421?
11404422
In base 8, what is -1143773761 + 0?
-1143773761
In base 2, what is -11110001000110011100100 + 10010?
-11110001000110011010010
In base 15, what is -e11b0b9 - -4?
-e11b0b5
In base 10, what is 54828 + -2164?
52664
In base 15, what is a0d0 - 11c4?
8e0b
In base 9, what is -431 - 32840?
-33371
In base 3, what is 0 + 100122112000?
100122112000
In base 12, what is -371b793 - 7?
-371b79a
In base 10, what is -254 + -104277?
-104531
In base 12, what is 4 - 1a57a747?
-1a57a743
In base 8, what is -611702521 - -4?
-611702515
In base 13, what is -18076253 - 4?
-18076257
In base 7, what is 66 + 111554?
111653
In base 5, what is -14044 - 42421002?
-42440101
In base 11, what is -69226a + -160?
-69241a
In base 7, what is -1436556604 + -2?
-1436556606
In base 16, what is -24d + -20ce?
-231b
In base 13, what is 2 + 4693b5?
4693b7
In base 16, what is -cd8ace1 - 4?
-cd8ace5
In base 9, what is 8100 - -25205?
34305
In base 16, what is -f38e48 - 3?
-f38e4b
In base 15, what is 2c2 + -29293?
-28ec1
In base 4, what is -22221 - -100023221?
100001000
In base 13, what is 633617 + -5?
633612
In base 15, what is 42627 - 44?
425d3
In base 12, what is -53967 + 616?
-53351
In base 4, what is -132100330312300 - 1?
-132100330312301
In base 16, what is -7789e - 55?
-778f3
In base 2, what is 1100011101001100111001 + 1?
1100011101001100111010
In base 12, what is 30a585a8a - 5?
30a585a85
In base 8, what is 2134 - -1352326?
1354462
In base 4, what is 2312113 - -20130031?
23102210
In base 9, what is 15673284 - 4?
15673280
In base 3, what is -1211 - -1221012220200?
1221012211212
In base 11, what is 70a87 - 315?
70772
In base 12, what is 5b988 + 58?
5ba24
In base 10, what is -453774 - -5?
-453769
In base 3, what is -110 - -210112211?
210112101
In base 3, what is 20110002120102 - -11?
20110002120120
In base 7, what is 30 - -13415335?
13415365
In base 14, what is -63 - -91dba2?
91db3d
In base 3, what is -11 + 1022010222012?
1022010222001
In base 7, what is -11341132 - 16?
-11341151
In base 15, what is -c - e84388?
-e84395
In base 10, what is 2 + -9554194?
-9554192
In base 6, what is 4 - 251341222?
-251341214
In base 13, what is 5018 + 10b6?
6101
In base 9, what is 7222628 + -63?
7222555
In base 5, what is 4 + 233333141310?
233333141314
In base 15, what is 336886 + b?
336892
In base 4, what is -3001 - -2120112230?
2120103223
In base 15, what is -d - d9e1b9?
-d9e1c7
In base 12, what is -b796 + -230?
-ba06
In base 9, what is -40464 - 65?
-40540
In base 3, what is -112122222022002 - 102?
-112122222022111
In base 5, what is 42034 + -20241?
21243
In base 13, what is 2 + bbcc887?
bbcc889
In base 8, what is 63 - -12465523?
12465606
In base 13, what is -4 - 16ba8b6?
-16ba8ba
In base 7, what is 361 + 3222615?
3223306
In base 4, what is 1110311032 - 302330?
1110002102
In base 5, what is 4312114342 + 3?
4312114400
In base 13, what is -18a9709 - -b?
-18a96cb
In base 7, what is -1461131 - -2230?
-1455601
In base 3, what is -12110 - -20220101122201?
20220101110021
In base 10, what is -4 - -899065?
899061
In base 2, what is 101001111 + 11000000111011000?
11000001100100111
In base 14, wha